
286999
List the prime factors of 6797314.
2, 17, 199921
List the prime factors of 3508217.
19, 29, 6367
What are the prime factors of 1101787?
17, 64811
What are the prime factors of 1651939?
37, 44647
List the prime factors of 2664438.
2, 3, 7, 63439
What are the prime factors of 5963225?
5, 238529
List the prime factors of 256444.
2, 61, 1051
What are the prime factors of 601420?
2, 5, 30071
List the prime factors of 6372633.
3, 23, 92357
List the prime factors of 1555481.
1555481
What are the prime factors of 5059662?
2, 3, 19, 44383
List the prime factors of 14938295.
5, 2987659
List the prime factors of 19420377.
3, 641, 10099
What are the prime factors of 8180239?
8180239
List the prime factors of 138440.
2, 5, 3461
List the prime factors of 197008.
2, 7, 1759
What are the prime factors of 124946?
2, 62473
List the prime factors of 6359379.
3, 13, 163061
List the prime factors of 751443.
3, 7, 11, 3253
What are the prime factors of 666409?
467, 1427
What are the prime factors of 368041?
113, 3257
List the prime factors of 429135.
3, 5, 7, 61, 67
List the prime factors of 2657084.
2, 664271
List the prime factors of 105852.
2, 3, 8821
What are the prime factors of 5222722?
2, 2611361
What are the prime factors of 758990?
2, 5, 71, 1069
What are the prime factors of 152594?
2, 13, 5869
List the prime factors of 613916.
2, 23, 6673
List the prime factors of 8708412.
2, 3, 229, 3169
List the prime factors of 817182.
2, 3, 37, 409
What are the prime factors of 4202656?
2, 61, 2153
List the prime factors of 167058.
2, 3, 9281
List the prime factors of 2460447.
3, 11, 29, 857
What are the prime factors of 26546368?
2, 29, 14303
List the prime factors of 1999912.
2, 249989
List the prime factors of 340992.
2, 3, 37
What are the prime factors of 3710591?
607, 6113
What are the prime factors of 5828639?
197, 29587
List the prime factors of 2926668.
2, 3, 243889
List the prime factors of 159906.
2, 3, 29, 919
What are the prime factors of 215018?
2, 107509
What are the prime factors of 398958?
2, 3, 7, 23, 59
What are the prime factors of 834420?
2, 3, 5, 13907
List the prime factors of 168185.
5, 33637
List the prime factors of 29440211.
29440211
List the prime factors of 211304.
2, 61, 433
List the prime factors of 311964.
2, 3, 25997
List the prime factors of 4429497.
3, 31, 47629
What are the prime factors of 1723200?
2, 3, 5, 359
List the prime factors of 1157824.
2, 79, 229
What are the prime factors of 13905890?
2, 5, 47, 29587
What are the prime factors of 3401638?
2, 1700819
List the prime factors of 23913.
3, 2657
What are the prime factors of 10536605?
5, 2107321
What are the prime factors of 424904?
2, 53113
What are the prime factors of 238166?
2, 119083
List the prime factors of 769638.
2, 3, 128273
What are the prime factors of 10241311?
691, 14821
What are the prime factors of 391734?
2, 3, 7, 3109
List the prime factors of 1589608.
2, 198701
What are the prime factors of 890147?
890147
List the prime factors of 6700437.
3, 744493
List the prime factors of 149602.
2, 131, 571
What are the prime factors of 1557723?
3, 53, 97, 101
What are the prime factors of 6158698?
2, 7, 13, 19, 137
List the prime factors of 193941.
3, 11, 653
List the prime factors of 3165971.
3165971
List the prime factors of 5399484.
2, 3, 37, 12161
List the prime factors of 4432254.
2, 3, 131, 5639
What are the prime factors of 93176?
2, 19, 613
What are the prime factors of 3222736?
2, 11, 18311
What are the prime factors of 1676273?
67, 127, 197
List the prime factors of 5463616.
2, 85369
List the prime factors of 292044.
2, 3, 24337
List the prime factors of 8145399.
3, 127, 21379
List the prime factors of 1162643.
79, 14717
List the prime factors of 138810.
2, 3, 5, 7, 661
What are the prime factors of 9441348?
2, 3, 7, 112397
List the prime factors of 195439.
67, 2917
What are the prime factors of 20012?
2, 5003
List the prime factors of 43041921.
3, 13, 1103639
List the prime factors of 20388021.
3, 181, 37547
List the prime factors of 845761.
7, 120823
What are the prime factors of 142086?
2, 3, 7, 17, 199
List the prime factors of 152830.
2, 5, 17, 29, 31
What are the prime factors of 296409?
3, 29, 3407
What are the prime factors of 451039?
451039
List the prime factors of 2865503.
17, 168559
What are the prime factors of 247410?
2, 3, 5, 2749
What are the prime factors of 2801514?
2, 3, 466919
What are the prime factors of 58288?
2, 3643
List the prime factors of 603116.
2, 150779
What are the prime factors of 160625?
5, 257
What are the prime factors of 3480069?
3, 97, 11959
What are the prime factors of 19932023?
19932023
What are the prime factors of 3616837?
7, 223, 331
What are the prime factors of 4258743?
3, 977, 1453
List the prime factors of 440858.
2, 11, 29, 691
What are the prime factors of 144921?
3, 7, 67, 103
List the prime factors of 11990548.
2, 2997637
List the prime factors of 431122.
2, 157, 1373
List the prime factors of 2438500.
2, 5, 4877
What are the prime factors of 121388?
2, 30347
List the prime factors of 76235.
5, 79, 193
What are the prime factors of 684982?
2, 101, 3391
What are the prime factors of 188152?
2, 29, 811
List the prime factors of 7919645.
5, 1583929
List the prime factors of 16394445.
3, 5, 364321
What are the prime factors of 139727?
7, 19961
What are the prime factors of 3194394?
2, 3, 7, 19, 4003
List the prime factors of 21487113.
3, 265273
List the prime factors of 116802.
2, 3, 7, 103
List the prime factors of 5466074.
2, 43, 63559
What are the prime factors of 188929?
13, 14533
What are the prime factors of 1515891?
3, 13, 47, 827
List the prime factors of 9827984.
2, 29, 59, 359
List the prime factors of 491178.
2, 3, 71, 1153
List the prime factors of 4671.
3, 173
List the prime factors of 1564355.
5, 13, 41, 587
List the prime factors of 12293859.
3, 4097953
What are the prime factors of 4410345?
3, 5, 294023
List the prime factors of 1933616.
2, 120851
What are the prime factors of 144731?
144731
What are the prime factors of 17878431?
3, 103, 57859
What are the prime factors of 90109?
251, 359
List the prime factors of 2937894.
2, 3, 19, 25771
List the prime factors of 3926407.
19, 197, 1049
List the prime factors of 908772.
2, 3, 75731
What are the prime factors of 9592942?
2, 673, 7127
List the prime factors of 1956853.
17, 59, 1951
List the prime factors of 11994194.
2, 5997097
What are the prime factors of 22072209?
3, 7357403
What are the prime factors of 1681615?
5, 13, 41, 631
List the prime factors of 66171.
3, 7, 23, 137
What are the prime factors of 32407?
23, 1409
List the prime factors of 259355.
5, 51871
What are the prime factors of 659901?
3, 11, 19997
What are the prime factors of 127616?
2, 997
What are the prime factors of 1227786?
2, 3, 7, 23, 31, 41
List the prime factors of 5100082.
2, 13, 79, 191
List the prime factors of 18513824.
2, 7, 82651
List the prime factors of 6130087.
401, 15287
List the prime factors of 5339341.
7, 47, 16229
What are the prime factors of 1493019?
3, 11, 457
List the prime factors of 24289797.
3, 7, 37, 43, 727
List the prime factors of 32038779.
3, 31, 11113
List the prime factors of 1665531.
3, 7, 26437
What are the prime factors of 407241?
3, 15083
List the prime factors of 4891917.
3, 79, 20641
What are the prime factors of 7277233?
2099, 3467
List the prime factors of 1009387.
1009387
What are the prime factors of 44006?
2, 22003
What are the prime factors of 247541?
7, 35363
List the prime factors of 709455.
3, 5, 47297
What are the prime factors of 3365617?
3365617
What are the prime factors of 2369435?
5, 473887
List the prime factors of 1199650.
2, 5, 23993
List the prime factors of 26135149.
47, 556067
What are the prime factors of 15068654?
2, 7534327
List the prime factors of 157625.
5, 13, 97
List the prime factors of 1778728.
2, 7, 23, 1381
What are the prime factors of 1070834?
2, 23, 23279
List the prime factors of 1607442.
2, 3, 267907
List the prime factors of 9095095.
5, 1291, 1409
List the prime factors of 15877466.
2, 11, 721703
What are the prime factors of 585341?
585341
List the prime factors of 335348.
2, 13, 6449
What are the prime factors of 34837140?
2, 3, 5, 13, 59, 757
List the prime factors of 128210.
2, 5, 12